x?
1
Let r = 34 + -26. Let k be 2/r + 156/16. Calculate the highest common divisor of 50 and k.
10
Let v be (-9)/(-15) - 259/(-35) - 6. What is the highest common factor of v and 118?
2
Suppose -2*d - 2*d - 364 = 4*b, 5*d = 2*b - 448. Let w be ((-1)/3)/((-3)/(d/(-2))). What is the highest common factor of w and 55?
5
Suppose 72 = 6*z - 4*z. Let g(o) = o**3 - o**2 + o. Let x be g(1). Let q = z - x. What is the highest common factor of 14 and q?
7
Let l be 6/10*(18 + 7). Suppose 0 = -4*b - c + 145, 4*b - 5*c - 133 = -18. Calculate the highest common divisor of b and l.
5
Let d = 978 - 823. Calculate the greatest common factor of d and 62.
31
Suppose -2*j = -2 - 12. Let q(n) = n**3 - 7*n**2 + 4*n - 17. Let z be q(j). Calculate the highest common factor of z and 11.
11
Let i be 25/((-325)/(-182)) - (1 - 1). Calculate the greatest common divisor of 322 and i.
14
Let f be 2/(-6) + (-305)/(-15). Suppose -3*d = d - f. Suppose -10 = -4*r + 5*j, d*r + 11 = 3*j + 30. Calculate the greatest common factor of 35 and r.
5
Suppose -9*f + 1195 = -4*f - 5*i, -4*i = -5*f + 1199. Let g = -2147 - -2174. What is the greatest common factor of f and g?
27
Let f(t) = 8*t - 2. Let k be f(4). Suppose 4*z - 16 = -4*z. Suppose -z*l - 10 = 0, 0*d + 30 = d + 3*l. Calculate the greatest common factor of d and k.
15
Suppose -5*u + 243 = 4*r, -4*r - r + 314 = -4*u. What is the greatest common divisor of r and 682?
62
Let w = -59 - -30. Let a be 8/10*(1 - w). Let d(y) = -44*y + 60. Let x be d(0). What is the greatest common divisor of x and a?
12
Let p = -448 + 463. What is the greatest common factor of 80 and p?
5
Let j be 108/(-30)*(-3 - 22). Let q be 0 + (-2 - -1) + 74/2. Calculate the highest common factor of q and j.
18
Let o be ((207/(-6))/(-3))/(4/(-8)). Let k be -1*2 - (o + 13). What is the greatest common factor of k and 2?
2
Let k = 400 - 280. What is the greatest common factor of k and 78?
6
Let i be -6*3/8*-16. Let y be 30/40 + 19/(-4) + -4. Let k be (-81)/(-6) - (-1 + (-20)/y). What is the greatest common factor of i and k?
12
Suppose 2*a + 26 = z, a + 4 - 1 = 0. Let y = -10 + z. Suppose -14*s + y*s = -60. What is the highest common divisor of s and 30?
15
Let n be 6*(9 + 424/(-48)). Let x be 4/(-10) + 14/10. Calculate the greatest common divisor of x and n.
1
Let p(o) = -o**2 - 10*o + 7. Let i be p(-7). Suppose 10*z - i = 3*z. What is the greatest common factor of z and 28?
4
Suppose -6*q + 19 + 53 = 0. Suppose -j + 240 = 4*j. What is the highest common factor of q and j?
12
Let j = 1163 - 1093. Calculate the highest common divisor of j and 175.
35
Let h be ((-11 - 5)/(-2))/(-2 - -4). Suppose h*k - 10*k + 138 = 0. What is the greatest common factor of k and 23?
23
Let q(w) = 11*w - 13. Let i be q(3). Let g be -2*22*-1*55/i. Let m be (0 + -1)/((-2)/22). What is the highest common divisor of m and g?
11
Suppose 3*l + 6 = u, -5*u + 6*l - 2*l = -19. Let b(h) = h**2 + 6*h - 6. Let g be b(-8). Let x be 74/3 - g/15. What is the highest common divisor of u and x?
3
Suppose 0*w - 3*w - 21 = -3*x, 0 = -2*x + 4*w + 18. Let i(u) = u - 1. Let m be i(x). Calculate the highest common divisor of m and 28.
4
Let z = 158 - 154. Suppose 0 = -12*l + 8*l + 64. What is the highest common factor of z and l?
4
Let q be (-11 - -15)/(((-12)/16)/(-3)). What is the highest common divisor of q and 160?
16
Let k(t) = 21*t**2 + 1. Let q be k(1). Suppose -3*f + f + 14 = 0. Suppose 0 = -n + 29 - f. What is the highest common divisor of q and n?
22
Suppose 3*b = -13 + 49. Let c = 25 - b. Let g(w) = 2*w**3 - 8*w**2 + 5*w + 3. Let y be g(5). What is the greatest common factor of c and y?
13
Suppose 5*g - 10 = -0*g. Let d be (13 + g - 3) + 0. Suppose -3*c + d = 4*b, -5*b + 4*b - 12 = -3*c. Calculate the highest common factor of c and 16.
4
Let f(n) = 2*n + 30. Let u be f(-14). Suppose -c + 18 - 78 = -3*m, 0 = u*m - c - 41. Calculate the greatest common factor of 95 and m.
19
Let n(g) = -34*g**2 + 68*g**2 - 9 + 15*g - 35*g**2. Let p be n(10). What is the greatest common factor of 41 and p?
41
Suppose 25 = 6*i - 5. Let b be 7 + i/(20/(-16)). Calculate the highest common factor of b and 48.
3
Suppose 0 = 2*h + 12 - 66. Let r be 1 + (9/h)/(2/12). Let o be (1 - 2)*2*-12. What is the greatest common factor of r and o?
3
Suppose -4*a = -2*s - 9*a + 1264, 3160 = 5*s + 2*a. What is the highest common divisor of 237 and s?
79
Let y = -121 - 176. Let h be (8/6)/((-11)/y). What is the highest common divisor of 72 and h?
36
Suppose -f - 7 - 3 = 4*s, -5*s - 17 = -f. Let q be 4/s*(-1 - 8). What is the highest common divisor of 12 and q?
12
Suppose 4*u - 91 - 269 = 0. Let b = -11 - -30. Suppose -n - b = -79. What is the greatest common divisor of u and n?
30
Suppose 4*g + 4 = 0, j + 3*g - 1 = 16. What is the greatest common divisor of 1920 and j?
20
Let v(r) = -r**2 + r + 23. Let x be v(0). Let c = 25 - x. Suppose 3*n - 2*o + 5*o - 21 = 0, c*o = 3*n - 16. What is the highest common divisor of 9 and n?
3
Suppose 2*y - 63 = -b, 0 = 12*y - 10*y + 4*b - 72. Calculate the highest common divisor of 40 and y.
10
Let l = 6 - 8. Let k(y) = -4 - 2 - 3 - 7*y + 8. Let o be k(l). Calculate the highest common factor of 26 and o.
13
Suppose -a + 3*f + 60 = 0, 4*f - f = -5*a + 210. Let x be 4/8 - (-35)/2. What is the highest common divisor of a and x?
9
Let m(n) = -20*n + 24. Let b(o) = 4*o - 5. Let a(y) = 24*b(y) + 5*m(y). Let r be (-11)/3 + 2/3. Let f be a(r). What is the greatest common factor of f and 12?
12
Let k = 20 + -16. Suppose k*f = 3*a - 7, 4*f - 2*a = -0*a - 2. Suppose -2 = 3*s - 4*d - 39, -f*s + 5*d = -20. Calculate the greatest common divisor of 75 and s.
15
Let m = 38 + -13. What is the greatest common divisor of m and 175?
25
Let w(p) = 2*p**2 + p - 3. Let f be w(-2). Let x be f/1 - (-175 + 2). Calculate the highest common divisor of 16 and x.
16
Let v(g) = -2*g**3 - 3*g**2 + 4*g + 1. Let z be v(-3). Let k = 54 - 38. Calculate the greatest common divisor of k and z.
16
Let b be 1*(-1 - (-2 + 0)). Calculate the highest common factor of b and 17.
1
Suppose -37*c + 4795 + 1495 = 0. What is the greatest common factor of 2210 and c?
170
Suppose -5*d + 3*c = -287, -8*d + 7*d + c = -59. Calculate the greatest common factor of d and 165.
55
Let r = -167 - -89. Let x(h) = -7711*h - 1. Let w be x(-1). Let p be (-4)/(-26) - w/r. What is the highest common divisor of 9 and p?
9
Suppose i = -2*m, 0 = -3*m + 8 + 4. Let f be (-5 - -33)*(-2)/i. Let w be 9 + f/(7/3). Calculate the greatest common divisor of w and 48.
12
Let t(x) = -x**2 + 3*x. Let s be t(4). Let k(d) = -35*d + 4. Let f be k(s). Suppose -h = -5*h + f. Calculate the greatest common divisor of 18 and h.
18
Suppose 0 = 2*o + c - 63, 27 = 2*o - o + 5*c. Let a = o - 2. What is the greatest common divisor of a and 6?
6
Suppose 77 = -14*j + 371. Calculate the greatest common factor of j and 28.
7
Suppose 38*f + 14*f = 676. What is the highest common divisor of 4511 and f?
13
Let l be 9*((-5 - -5) + 5 + -1). What is the highest common divisor of l and 66?
6
Suppose -5*k = 5*n - 30, 15 = 7*n - 2*n. Suppose k*f + 232 - 736 = 0. Calculate the greatest common divisor of 24 and f.
24
Suppose -4*y + 0 = -2*d - 12, -d - 5*y = 20. Let k(c) = c**2 + 11*c - 7. Let q be k(d). Let t = q - -23. Calculate the greatest common divisor of 42 and t.
6
Let b(p) = -p**2 + 14*p - 20. Let m be b(10). Let z(c) = -3*c + 44. Let k be z(13). Calculate the greatest common factor of m and k.
5
Let k(x) = -2*x**3 + x**2 - 2*x + 2. Let f be k(1). Let d(b) = -17*b**3. Let n be d(f). What is the greatest common factor of n and 34?
17
Suppose 0 = 19*x - 1033 - 4572. Calculate the greatest common factor of x and 5.
5
Suppose 216 = 6*o - 0*o. Suppose -k = -4*h - 114, -4*k = h - 8*k + o. Let g = 46 + h. Calculate the highest common divisor of 2 and g.
2
Let m(q) = -4*q**2 + 7*q - 25. Let o(n) = 3*n**2 - 5*n + 17. Let s(c) = 5*m(c) + 7*o(c). Let t be s(11). What is the greatest common factor of 23 and t?
23
Let k(f) = f**3 - 6*f**2 - 4*f + 7. Suppose 5*g + h = -h + 31, -5*h + 18 = 4*g. Let d be k(g). What is the highest common divisor of 7 and d?
7
Let j = 552 + 3628. What is the greatest common factor of 38 and j?
38
Let k(p) = 10*p + 8. Let d be k(2). What is the highest common divisor of 448 and d?
28
